{"id":916,"date":"2022-08-28T14:42:03","date_gmt":"2022-08-28T13:42:03","guid":{"rendered":"https:\/\/zsp3.getspaceone.pl\/?page_id=916"},"modified":"2025-09-02T04:14:46","modified_gmt":"2025-09-02T03:14:46","slug":"kalendarz-roku","status":"publish","type":"page","link":"https:\/\/zsp3.com.pl\/index.php\/szkola\/kalendarz-roku\/","title":{"rendered":"Kalendarz roku"},"content":{"rendered":"\t\t<div data-elementor-type=\"wp-page\" data-elementor-id=\"916\" class=\"elementor elementor-916\" data-elementor-post-type=\"page\">\n\t\t\t\t\t\t<section class=\"elementor-section elementor-top-section elementor-element elementor-element-4bb63ec3 elementor-section-boxed elementor-section-height-default elementor-section-height-default\" data-id=\"4bb63ec3\" data-element_type=\"section\" data-e-type=\"section\" data-settings=\"{&quot;background_background&quot;:&quot;classic&quot;}\">\n\t\t\t\t\t\t\t<div class=\"elementor-background-overlay\"><\/div>\n\t\t\t\t\t\t\t<div class=\"elementor-container elementor-column-gap-default\">\n\t\t\t\t\t<div class=\"elementor-column elementor-col-100 elementor-top-column elementor-element elementor-element-38c175e5\" data-id=\"38c175e5\" data-element_type=\"column\" data-e-type=\"column\">\n\t\t\t<div class=\"elementor-widget-wrap elementor-element-populated\">\n\t\t\t\t\t\t<div class=\"elementor-element elementor-element-1c33ba6f elementor-widget elementor-widget-heading\" data-id=\"1c33ba6f\" data-element_type=\"widget\" data-e-type=\"widget\" data-widget_type=\"heading.default\">\n\t\t\t\t<div class=\"elementor-widget-container\">\n\t\t\t\t\t<h2 class=\"elementor-heading-title elementor-size-default\">Kalendarz roku<\/h2>\t\t\t\t<\/div>\n\t\t\t\t<\/div>\n\t\t\t\t\t<\/div>\n\t\t<\/div>\n\t\t\t\t\t<\/div>\n\t\t<\/section>\n\t\t\t\t<section class=\"elementor-section elementor-top-section elementor-element elementor-element-49a3b56c elementor-section-boxed elementor-section-height-default elementor-section-height-default\" data-id=\"49a3b56c\" data-element_type=\"section\" data-e-type=\"section\" id=\"xs_count_16\" data-settings=\"{&quot;background_background&quot;:&quot;classic&quot;}\">\n\t\t\t\t\t\t<div class=\"elementor-container elementor-column-gap-default\">\n\t\t\t\t\t<div class=\"elementor-column elementor-col-100 elementor-top-column elementor-element elementor-element-6bde22c\" data-id=\"6bde22c\" data-element_type=\"column\" data-e-type=\"column\">\n\t\t\t<div class=\"elementor-widget-wrap elementor-element-populated\">\n\t\t\t\t\t\t<div class=\"elementor-element elementor-element-dbbdcdb elementor-widget elementor-widget-heading\" data-id=\"dbbdcdb\" data-element_type=\"widget\" data-e-type=\"widget\" data-widget_type=\"heading.default\">\n\t\t\t\t<div class=\"elementor-widget-container\">\n\t\t\t\t\t<h2 class=\"elementor-heading-title elementor-size-default\"><a href=\"http:\/\/zsp3.com.pl\/wp-content\/uploads\/2022\/08\/2022-23-kalendarz-ZSP3-w-Krotoszynie.pdf\">Kalendarz roku szkolnego 2025\/2026 w Zespole Szk\u00f3\u0142 Ponadpodstawowych nr 3 im. Jana Paw\u0142a II w Krotoszynie<\/a><\/h2>\t\t\t\t<\/div>\n\t\t\t\t<\/div>\n\t\t\t\t<div class=\"elementor-element elementor-element-8d4d654 elementor-widget elementor-widget-text-editor\" data-id=\"8d4d654\" data-element_type=\"widget\" data-e-type=\"widget\" data-widget_type=\"text-editor.default\">\n\t\t\t\t<div class=\"elementor-widget-container\">\n\t\t\t\t\t\t\t\t\t<table width=\"604\"><tbody><tr><td width=\"32\"><p><strong>Lp.<\/strong><\/p><\/td><td width=\"328\"><p><strong>Dzia\u0142anie<\/strong><\/p><\/td><td width=\"128\"><p><strong>Data<\/strong><\/p><\/td><\/tr><tr><td width=\"32\"><p>1.<\/p><\/td><td width=\"328\"><p>Uroczyste rozpocz\u0119cie roku szkolnego<\/p><\/td><td width=\"128\"><p>01.09.2025r.<\/p><\/td><\/tr><tr><td width=\"32\"><p>2.<\/p><\/td><td width=\"328\"><p><strong>Zebranie z rodzicami (wychowawcy klas)<\/strong><\/p><\/td><td width=\"128\"><p><strong>09.09.2025r.<\/strong><\/p><\/td><\/tr><tr><td width=\"32\"><p>3.<\/p><\/td><td width=\"328\"><p><strong>Zebranie Rady Pedagogicznej \u2013 plan nadzoru pedagogicznego<\/strong><\/p><\/td><td width=\"128\"><p><strong>11.09.2025r.<\/strong><\/p><\/td><\/tr><tr><td width=\"32\"><p>4.<\/p><\/td><td width=\"328\"><p>Otrz\u0119siny klas I i spotkania integracyjne pozosta\u0142ych klas<\/p><\/td><td width=\"128\"><p>Wrzesie\u0144\/<\/p><p>Pa\u017adziernik 2025r.<\/p><\/td><\/tr><tr><td width=\"32\"><p>5.<\/p><\/td><td width=\"328\"><p><strong>Dzie\u0144 Edukacji Narodowej \u2013 <br \/>\u015bwi\u0119to wszystkich pracownik\u00f3w o\u015bwiaty;<\/strong><\/p><\/td><td width=\"128\"><p>14.10.2025r.<\/p><\/td><\/tr><tr><td width=\"32\"><p>6.<\/p><\/td><td width=\"328\"><p><strong>Uroczysto\u015b\u0107 20. lecia nadania szkole imienia Jana Paw\u0142a II<\/strong><\/p><p><strong>uroczysta akademia; \u015blubowanie klas pierwszych<\/strong><\/p><\/td><td width=\"128\"><p><strong>16.10.2025r.<\/strong><\/p><\/td><\/tr><tr><td width=\"32\"><p><em>7.<\/em><\/p><\/td><td width=\"328\"><p>Pami\u0119\u0107 o zmar\u0142ych nauczycielach; wybranie si\u0119 delegacji na cmentarz; audycja<\/p><\/td><td width=\"128\"><p>31.10.2025r.<\/p><\/td><\/tr><tr><td width=\"32\"><p>8.<\/p><\/td><td width=\"328\"><p>Dzie\u0144 Wszystkich \u015awi\u0119tych<\/p><\/td><td width=\"128\"><p>01.11.2025r. &#8211; sobota<\/p><\/td><\/tr><tr><td width=\"32\"><p><strong>9.<\/strong><\/p><\/td><td width=\"328\"><p><strong>Zebranie rady pedagogicznej &#8211; <br \/>podsumowanie wynik\u00f3w matur <br \/>i egzamin\u00f3w zawodowych<\/strong><\/p><\/td><td width=\"128\"><p><strong>05.11.2025r.<\/strong><\/p><\/td><\/tr><tr><td width=\"32\"><p>10.<\/p><\/td><td width=\"328\"><p>Obchody \u015awi\u0119ta Niepodleg\u0142o\u015bci \u2013<\/p><p>-akademia<br \/>-rajd<br \/>-konkursy<\/p><\/td><td width=\"128\"><p>07.11.2025r.<\/p><\/td><\/tr><tr><td width=\"32\"><p>11.<\/p><\/td><td width=\"328\"><p><strong>Dzie\u0144 wolny od zaj\u0119\u0107 dydaktyczno -wychowawczych<\/strong><\/p><\/td><td width=\"128\"><p><strong>10.11.2025r.<\/strong><\/p><\/td><\/tr><tr><td width=\"32\"><p>12.<\/p><\/td><td width=\"328\"><p>Pr\u00f3bny egzamin maturalny<\/p><\/td><td width=\"128\"><p>listopad 2025r.<\/p><\/td><\/tr><tr><td width=\"32\"><p>13.<\/p><\/td><td width=\"328\"><p><strong>Zebranie z rodzicami<\/strong><\/p><\/td><td width=\"128\"><p><strong>19.11.2025r.<\/strong><\/p><\/td><\/tr><tr><td width=\"32\"><p>14.<\/p><\/td><td width=\"328\"><p><strong>Wystawianie ocen za I okres (oceny \u015br\u00f3droczne)<\/strong><\/p><\/td><td width=\"128\"><p><strong>11.12.2025r.<\/strong><\/p><\/td><\/tr><tr><td width=\"32\"><p>15.<\/p><\/td><td width=\"328\"><p>Wigilie klasowe<\/p><\/td><td width=\"128\"><p>Od 12.12.2025r.<\/p><\/td><\/tr><tr><td width=\"32\"><p>16.<\/p><\/td><td width=\"328\"><p>Szkolne Jase\u0142ka<\/p><\/td><td width=\"128\"><p>17.12.2025r.<\/p><\/td><\/tr><tr><td width=\"32\"><p>17.<\/p><\/td><td width=\"328\"><p>Wigilia dla pracownik\u00f3w szko\u0142y<\/p><\/td><td width=\"128\"><p>grudzie\u0144 2025r.<\/p><\/td><\/tr><tr><td width=\"32\"><p>18.<\/p><\/td><td width=\"328\"><p><strong>Klasyfikacyjne zebranie rady pedagogicznej<\/strong><\/p><\/td><td width=\"128\"><p><strong>19.12.2025r.<\/strong><\/p><\/td><\/tr><tr><td width=\"32\"><p><strong>19.<\/strong><\/p><\/td><td width=\"328\"><p><strong>Zimowa przerwa \u015bwi\u0105teczna<\/strong><\/p><\/td><td width=\"128\"><p><strong>22-31.12.2025r.<\/strong><\/p><\/td><\/tr><tr><td width=\"32\"><p>20.<\/p><\/td><td width=\"328\"><p>Narodowy Dzie\u0144 Zwyci\u0119skiego Powstania Wielkopolskiego<\/p><\/td><td width=\"128\"><p>27.12.2025r.<\/p><\/td><\/tr><tr><td width=\"32\"><p>21.<\/p><\/td><td width=\"328\"><p><strong>Dzie\u0144 wolny od zaj\u0119\u0107 dydaktyczno -wychowawczych<\/strong><\/p><\/td><td width=\"128\"><p><strong>02.01.2026r.<\/strong><\/p><p><strong>05.01.2026r.<\/strong><\/p><\/td><\/tr><tr><td width=\"32\"><p><strong>22.<\/strong><\/p><\/td><td width=\"328\"><p><strong>\u015awi\u0119to Trzech Kr\u00f3li \u2013 dzie\u0144 wolny<\/strong><\/p><\/td><td width=\"128\"><p><strong>06.01.2026r.<\/strong><\/p><\/td><\/tr><tr><td width=\"32\"><p>23.<\/p><\/td><td width=\"328\"><p>Obchody rocznicy wybuchu Powstania Wielkopolskiego &#8211; audycja<\/p><\/td><td width=\"128\"><p>07.01.2026r.<\/p><\/td><\/tr><tr><td width=\"32\"><p>24.<\/p><\/td><td width=\"328\"><p><strong>Egzaminy zawodowe (sesja 1. 2026 Zima)<\/strong>:<\/p><p>CZ\u0118\u015a\u0106 PISEMNA<\/p><p><br \/>CZ\u0118\u015a\u0106 PRAKTYCZNA<\/p><p>\u00a0<\/p><\/td><td width=\"128\"><p><strong>08-22.01.2026r.<\/strong><\/p><p>\u00a0<\/p><p>08-13.01.2026r.<br \/><br \/>12.01.2026r. <strong>model \u201ed\u201d<\/strong><\/p><p>08.01.2026r. -22.01.2026r. <strong>model \u201cw\u201d,\u201dwk\u201d,\u201edk\u201d<\/strong><\/p><\/td><\/tr><tr><td width=\"32\"><p>25.<\/p><\/td><td width=\"328\"><p><strong>Analityczne zebranie rady pedagogicznej<\/strong><\/p><\/td><td width=\"128\"><p><strong>22.01.2026r.<\/strong><\/p><\/td><\/tr><tr><td width=\"32\"><p>26.<\/p><\/td><td width=\"328\"><p><strong>Studni\u00f3wka<\/strong><\/p><\/td><td width=\"128\"><p><strong>30.01.2026r.<\/strong><\/p><\/td><\/tr><tr><td width=\"32\"><p>27.<\/p><\/td><td width=\"328\"><p><strong>Ferie zimowe<\/strong><\/p><\/td><td width=\"128\"><p><strong>16.02.2026r.- 01.03.2026r.<\/strong><\/p><\/td><\/tr><tr><td width=\"32\"><p>28.<\/p><\/td><td width=\"328\"><p>Spotkanie z przedstawicielami PUP<\/p><\/td><td width=\"128\"><p>marzec 2026r.<\/p><\/td><\/tr><tr><td width=\"32\"><p><strong>29.<\/strong><\/p><\/td><td width=\"328\"><p><strong>Dzie\u0144 Otwarty<\/strong><\/p><\/td><td width=\"128\"><p><strong>28 marzec 2026r.<\/strong><\/p><\/td><\/tr><tr><td width=\"32\"><p>30.<\/p><\/td><td width=\"328\"><p>Powiatowe Targi Edukacyjne i Targi Pracy<\/p><\/td><td width=\"128\"><p>marzec 2026r.<\/p><\/td><\/tr><tr><td width=\"32\"><p>31.<\/p><\/td><td width=\"328\"><p><strong>Podanie przewidywanych ocen ko\u0144cowych dla klas V<\/strong><\/p><\/td><td width=\"128\"><p><strong>01.04.2026r.<\/strong><\/p><\/td><\/tr><tr><td width=\"32\"><p>32.<\/p><\/td><td width=\"328\"><p><strong>Zebranie z rodzicami<\/strong><\/p><\/td><td width=\"128\"><p><strong>08.04.2026r.<\/strong><\/p><\/td><\/tr><tr><td width=\"32\"><p>33.<\/p><\/td><td width=\"328\"><p><strong>Wiosenna przerwa \u015bwi\u0105teczna<\/strong><\/p><\/td><td width=\"128\"><p><strong>02.04-07.04.2026r.<\/strong><\/p><\/td><\/tr><tr><td width=\"32\"><p>34.<\/p><\/td><td width=\"328\"><p>Pielgrzymka maturzyst\u00f3w \u015bladami <br \/>\u015bw. Jana Paw\u0142a II<\/p><\/td><td width=\"128\"><p>kwiecie\u0144 2026r.<\/p><\/td><\/tr><tr><td width=\"32\"><p>35.<\/p><\/td><td width=\"328\"><p><strong>Wystawianie ocen ko\u0144cowych dla klas V<\/strong><\/p><\/td><td width=\"128\"><p><strong>14.04.2026r.<\/strong><\/p><\/td><\/tr><tr><td width=\"32\"><p>36.<\/p><\/td><td width=\"328\"><p><strong>Zebranie Rady Pedagogicznej po\u015bwi\u0119cone klasyfikacji uczni\u00f3w klas V technikum<\/strong><\/p><\/td><td width=\"128\"><p><strong>22.04.2026r.<\/strong><\/p><\/td><\/tr><tr><td width=\"32\"><p>37.<\/p><\/td><td width=\"328\"><p>Po\u017cegnanie absolwent\u00f3w technikum<\/p><\/td><td width=\"128\"><p>24.04.2026r.<\/p><\/td><\/tr><tr><td width=\"32\"><p>38.<\/p><\/td><td width=\"328\"><p>Rajd z okazji \u015bwi\u0105t majowych<\/p><\/td><td width=\"128\"><p>30.04.2025r.<\/p><\/td><\/tr><tr><td width=\"32\"><p>39.<\/p><\/td><td width=\"328\"><p>\u015awi\u0119ta majowe<\/p><\/td><td width=\"128\"><p>01.05.2026r.<br \/>02.05.2026r.<br \/>03.05.2026r.<\/p><\/td><\/tr><tr><td width=\"32\"><p>40.<\/p><\/td><td width=\"328\"><p>Egzamin maturalny<\/p><\/td><td width=\"128\"><p>04-30.05.2026r.<\/p><\/td><\/tr><tr><td width=\"32\"><p>41.<\/p><\/td><td width=\"328\"><p><strong>Dzie\u0144 wolny od zaj\u0119\u0107 dydaktyczno -wychowawczych dla uczni\u00f3w<\/strong><\/p><p><strong>egzamin maturalny<\/strong><\/p><\/td><td width=\"128\"><p><strong>06.05.2026r.<\/strong><\/p><p><strong>07.05.2026r.<\/strong><\/p><\/td><\/tr><tr><td width=\"32\"><p>42.<\/p><\/td><td width=\"328\"><p><strong>Egzaminy zawodowe (Sesja 2.2026 Lato)<br \/><\/strong>CZ\u0118\u015a\u0106 PISEMNA<\/p><p>\u00a0<\/p><p>CZ\u0118\u015a\u0106 PRAKTYCZNA<\/p><\/td><td width=\"128\"><p>01-22.06.2026r.<\/p><p>\u00a0<\/p><p>02-11.06.2026r.<\/p><p><strong>\u00a0<\/strong><\/p><p>01.06.2026r. <strong>model \u201ed\u201d<br \/><\/strong>02-22.06.2026r.<br \/><strong>model \u201ew\u201d, \u201ewk\u201d , \u201edk\u201d<\/strong><\/p><\/td><\/tr><tr><td width=\"32\"><p>43.<\/p><\/td><td width=\"328\"><p>Bo\u017ce Cia\u0142o<\/p><\/td><td width=\"128\"><p>04.06.2026r.<\/p><\/td><\/tr><tr><td width=\"32\"><p>44.<\/p><\/td><td width=\"328\"><p><strong>Dzie\u0144 wolny od zaj\u0119\u0107 dydaktyczno -wychowawczych<\/strong><\/p><\/td><td width=\"128\"><p><strong>05.06.2026r.<\/strong><\/p><\/td><\/tr><tr><td width=\"32\"><p>45.<\/p><\/td><td width=\"328\"><p><strong>Podanie przewidywanych ocen rocznych i ko\u0144cowych<\/strong><\/p><\/td><td width=\"128\"><p><strong>08.06.2026r.<\/strong><\/p><\/td><\/tr><tr><td width=\"32\"><p>46.<\/p><\/td><td width=\"328\"><p><strong>Dzie\u0144 wolny od zaj\u0119\u0107 dydaktyczno -wychowawczych dla uczni\u00f3w (egzamin zawodowy)<\/strong><\/p><p><strong>\u00a0<\/strong><\/p><\/td><td width=\"128\"><p><strong>10\/11\/12.06.2026r.<\/strong><\/p><\/td><\/tr><tr><td width=\"32\"><p>47.<\/p><\/td><td width=\"328\"><p><strong>Wystawienie ocen rocznych <br \/>i ko\u0144cowych<\/strong><\/p><\/td><td width=\"128\"><p><strong>16.06.2026r.<\/strong><\/p><\/td><\/tr><tr><td width=\"32\"><p>48.<\/p><\/td><td width=\"328\"><p><strong>Zebranie klasyfikacyjne Rady Pedagogicznej<\/strong><\/p><\/td><td width=\"128\"><p><strong>24.06.2026r.<\/strong><\/p><\/td><\/tr><tr><td width=\"32\"><p>49.<\/p><\/td><td width=\"328\"><p>Uroczyste zako\u0144czenie roku szkolnego<\/p><p>\u00b7\u00a0\u00a0\u00a0\u00a0\u00a0\u00a0 klas III bs<\/p><p>\u00b7\u00a0\u00a0\u00a0\u00a0\u00a0\u00a0 pozosta\u0142ych klas<\/p><\/td><td width=\"128\"><p>\u00a0<\/p><p>26.06.2026r.<\/p><\/td><\/tr><tr><td width=\"32\"><p>50.<\/p><\/td><td width=\"328\"><p><strong>Analityczne zebranie Rady Pedagogicznej<\/strong><\/p><\/td><td width=\"128\"><p><strong>26.06.2026r.<\/strong><\/p><\/td><\/tr><\/tbody><\/table><!--a=1-->\t\t\t\t\t\t\t\t<\/div>\n\t\t\t\t<\/div>\n\t\t\t\t\t<\/div>\n\t\t<\/div>\n\t\t\t\t\t<\/div>\n\t\t<\/section>\n\t\t\t\t<section class=\"elementor-section elementor-top-section elementor-element elementor-element-562b577e elementor-section-boxed elementor-section-height-default elementor-section-height-default\" data-id=\"562b577e\" data-element_type=\"section\" data-e-type=\"section\" data-settings=\"{&quot;background_background&quot;:&quot;classic&quot;}\">\n\t\t\t\t\t\t\t<div class=\"elementor-background-overlay\"><\/div>\n\t\t\t\t\t\t\t<div class=\"elementor-container elementor-column-gap-default\">\n\t\t\t\t\t<div class=\"elementor-column elementor-col-100 elementor-top-column elementor-element elementor-element-6c7f904e\" data-id=\"6c7f904e\" data-element_type=\"column\" data-e-type=\"column\">\n\t\t\t<div class=\"elementor-widget-wrap elementor-element-populated\">\n\t\t\t\t\t\t<div class=\"elementor-element elementor-element-58cefd3a elementor-widget elementor-widget-heading\" data-id=\"58cefd3a\" data-element_type=\"widget\" data-e-type=\"widget\" data-widget_type=\"heading.default\">\n\t\t\t\t<div class=\"elementor-widget-container\">\n\t\t\t\t\t<h2 class=\"elementor-heading-title elementor-size-default\">Masz jakie\u015b pytanie? <br> Skontaktuj si\u0119 z nami!<\/h2>\t\t\t\t<\/div>\n\t\t\t\t<\/div>\n\t\t\t\t<div class=\"elementor-element elementor-element-1cce1c5a elementor-mobile-align-center elementor-align-center elementor-widget elementor-widget-button\" data-id=\"1cce1c5a\" data-element_type=\"widget\" data-e-type=\"widget\" data-widget_type=\"button.default\">\n\t\t\t\t<div class=\"elementor-widget-container\">\n\t\t\t\t\t\t\t\t\t<div class=\"elementor-button-wrapper\">\n\t\t\t\t\t<a class=\"elementor-button elementor-button-link elementor-size-md elementor-animation-float\" href=\"http:\/\/zsp3.com.pl\/index.php\/kontakt\/\">\n\t\t\t\t\t\t<span class=\"elementor-button-content-wrapper\">\n\t\t\t\t\t\t<span class=\"elementor-button-icon\">\n\t\t\t\t<i aria-hidden=\"true\" class=\"fas fa-long-arrow-alt-right\"><\/i>\t\t\t<\/span>\n\t\t\t\t\t\t\t\t\t<span class=\"elementor-button-text\">Kontakt<\/span>\n\t\t\t\t\t<\/span>\n\t\t\t\t\t<\/a>\n\t\t\t\t<\/div>\n\t\t\t\t\t\t\t\t<\/div>\n\t\t\t\t<\/div>\n\t\t\t\t\t<\/div>\n\t\t<\/div>\n\t\t\t\t\t<\/div>\n\t\t<\/section>\n\t\t\t\t<\/div>\n\t\t","protected":false},"excerpt":{"rendered":"<p>Kalendarz roku Kalendarz roku szkolnego 2025\/2026 w Zespole Szk\u00f3\u0142 Ponadpodstawowych nr 3 im. Jana Paw\u0142a II w Krotoszynie Lp. Dzia\u0142anie Data 1. Uroczyste rozpocz\u0119cie roku szkolnego 01.09.2025r. 2. Zebranie z rodzicami (wychowawcy klas) 09.09.2025r. 3. Zebranie Rady Pedagogicznej \u2013 plan nadzoru pedagogicznego 11.09.2025r. 4. Otrz\u0119siny klas I i spotkania integracyjne pozosta\u0142ych klas Wrzesie\u0144\/ Pa\u017adziernik 2025r. [&hellip;]<\/p>\n","protected":false},"author":1,"featured_media":0,"parent":857,"menu_order":0,"comment_status":"closed","ping_status":"closed","template":"elementor_header_footer","meta":{"ocean_post_layout":"full-screen","ocean_both_sidebars_style":"","ocean_both_sidebars_content_width":0,"ocean_both_sidebars_sidebars_width":0,"ocean_sidebar":"0","ocean_second_sidebar":"0","ocean_disable_margins":"enable","ocean_add_body_class":"","ocean_shortcode_before_top_bar":"","ocean_shortcode_after_top_bar":"","ocean_shortcode_before_header":"","ocean_shortcode_after_header":"","ocean_has_shortcode":"","ocean_shortcode_after_title":"","ocean_shortcode_before_footer_widgets":"","ocean_shortcode_after_footer_widgets":"","ocean_shortcode_before_footer_bottom":"","ocean_shortcode_after_footer_bottom":"","ocean_display_top_bar":"default","ocean_display_header":"default","ocean_header_style":"","ocean_center_header_left_menu":"0","ocean_custom_header_template":"0","ocean_custom_logo":0,"ocean_custom_retina_logo":0,"ocean_custom_logo_max_width":0,"ocean_custom_logo_tablet_max_width":0,"ocean_custom_logo_mobile_max_width":0,"ocean_custom_logo_max_height":0,"ocean_custom_logo_tablet_max_height":0,"ocean_custom_logo_mobile_max_height":0,"ocean_header_custom_menu":"0","ocean_menu_typo_font_family":"0","ocean_menu_typo_font_subset":"","ocean_menu_typo_font_size":0,"ocean_menu_typo_font_size_tablet":0,"ocean_menu_typo_font_size_mobile":0,"ocean_menu_typo_font_size_unit":"px","ocean_menu_typo_font_weight":"","ocean_menu_typo_font_weight_tablet":"","ocean_menu_typo_font_weight_mobile":"","ocean_menu_typo_transform":"","ocean_menu_typo_transform_tablet":"","ocean_menu_typo_transform_mobile":"","ocean_menu_typo_line_height":0,"ocean_menu_typo_line_height_tablet":0,"ocean_menu_typo_line_height_mobile":0,"ocean_menu_typo_line_height_unit":"","ocean_menu_typo_spacing":0,"ocean_menu_typo_spacing_tablet":0,"ocean_menu_typo_spacing_mobile":0,"ocean_menu_typo_spacing_unit":"","ocean_menu_link_color":"","ocean_menu_link_color_hover":"","ocean_menu_link_color_active":"","ocean_menu_link_background":"","ocean_menu_link_hover_background":"","ocean_menu_link_active_background":"","ocean_menu_social_links_bg":"","ocean_menu_social_hover_links_bg":"","ocean_menu_social_links_color":"","ocean_menu_social_hover_links_color":"","ocean_disable_title":"default","ocean_disable_heading":"default","ocean_post_title":"","ocean_post_subheading":"","ocean_post_title_style":"","ocean_post_title_background_color":"","ocean_post_title_background":0,"ocean_post_title_bg_image_position":"","ocean_post_title_bg_image_attachment":"","ocean_post_title_bg_image_repeat":"","ocean_post_title_bg_image_size":"","ocean_post_title_height":0,"ocean_post_title_bg_overlay":0.5,"ocean_post_title_bg_overlay_color":"","ocean_disable_breadcrumbs":"default","ocean_breadcrumbs_color":"","ocean_breadcrumbs_separator_color":"","ocean_breadcrumbs_links_color":"","ocean_breadcrumbs_links_hover_color":"","ocean_display_footer_widgets":"default","ocean_display_footer_bottom":"default","ocean_custom_footer_template":"0","footnotes":""},"class_list":["post-916","page","type-page","status-publish","hentry","entry"],"_links":{"self":[{"href":"https:\/\/zsp3.com.pl\/index.php\/wp-json\/wp\/v2\/pages\/916","targetHints":{"allow":["GET"]}}],"collection":[{"href":"https:\/\/zsp3.com.pl\/index.php\/wp-json\/wp\/v2\/pages"}],"about":[{"href":"https:\/\/zsp3.com.pl\/index.php\/wp-json\/wp\/v2\/types\/page"}],"author":[{"embeddable":true,"href":"https:\/\/zsp3.com.pl\/index.php\/wp-json\/wp\/v2\/users\/1"}],"replies":[{"embeddable":true,"href":"https:\/\/zsp3.com.pl\/index.php\/wp-json\/wp\/v2\/comments?post=916"}],"version-history":[{"count":66,"href":"https:\/\/zsp3.com.pl\/index.php\/wp-json\/wp\/v2\/pages\/916\/revisions"}],"predecessor-version":[{"id":5527,"href":"https:\/\/zsp3.com.pl\/index.php\/wp-json\/wp\/v2\/pages\/916\/revisions\/5527"}],"up":[{"embeddable":true,"href":"https:\/\/zsp3.com.pl\/index.php\/wp-json\/wp\/v2\/pages\/857"}],"wp:attachment":[{"href":"https:\/\/zsp3.com.pl\/index.php\/wp-json\/wp\/v2\/media?parent=916"}],"curies":[{"name":"wp","href":"https:\/\/api.w.org\/{rel}","templated":true}]}}